345)/9. Calculate the greatest common factor of 14 and g.
7
Suppose -o = 2*r - 5 - 5, -5*o + 23 = r. Suppose 2*s + 5*v - 158 = 3*v, -2*v + o = 0. Calculate the highest common divisor of s and 11.
11
Suppose -2*q - q - 15 = 0. Let c = 8 - 44. Let t be (q/3)/(4/c). Calculate the greatest common divisor of t and 45.
15
Suppose -4*m + 9 + 7 = 0, 4*i - 4*m + 148 = 0. Let g = i - -77. Calculate the highest common divisor of 66 and g.
22
Let u be (-8)/(-28) - (-1364)/28. Suppose 7 = -56*k + 57*k. Calculate the highest common divisor of k and u.
7
Let w(i) = -i**3 + 2*i**2 + i. Let s be w(-1). Suppose -f - s*t = 2*t - 10, 0 = t + 1. Calculate the highest common factor of 112 and f.
14
Suppose -4*i = 0, -5*k + 2*i + 50 = -0*i. Suppose -2*v - 18 = 4*a + v, -7 = a + 2*v. Let h be ((-4)/3)/(a/45). What is the highest common factor of k and h?
10
Suppose -6*j + 4*z = -2*j + 108, 2*z - 100 = 4*j. Let g = j - -35. Let l(h) = -h**2 + 48*h - 443. Let p be l(35). What is the highest common factor of g and p?
12
Let i be (14/3)/((-2)/69). Let d = 1 - i. Calculate the highest common factor of d and 18.
18
Suppose -g = 3*y + 35 + 4, 5*y - 4*g + 48 = 0. Let d = y + 19. Calculate the highest common divisor of d and 35.
7
Suppose 4*r - 120 = -r. Suppose 4 = -5*f + r. Suppose -v = f*z - 15, -2*z = -3 - 1. What is the highest common divisor of 21 and v?
7
Suppose -5 = 2*p + 2*r - 23, -2*p = r - 21. Let a(l) = l**2 - 10*l - 14. Let b be a(p). Calculate the highest common divisor of b and 25.
5
Let h(y) = -y**3 + 12*y**2 - 12*y + 16. Let p be h(6). Calculate the highest common divisor of p and 100.
20
Let a be (1 - (-44)/(-6)) + (-1)/(-3). Let c be -3*((-5)/(-4))/(a/144). Calculate the highest common divisor of 36 and c.
18
Let c(x) = -x**2 + 9*x + 8. Let y be (-460)/(-52) + 2/13. Let n be c(y). Let a(b) = 16*b - 2. Let m be a(n). Calculate the highest common factor of 14 and m.
14
Let l = -22 - -4. Let x(n) = -n**3 - 18*n**2 - 4*n + 38. Let v be x(l). What is the greatest common divisor of v and 20?
10
Let f = -34 - -136. What is the greatest common divisor of f and 42?
6
Let b be 4/5*(-4 - 1)/(-1). Suppose b*p = 3*c + 214, 3*p + c - 222 = -p. Calculate the highest common factor of p and 11.
11
Suppose 255 + 410 = 5*n - t, 4*n - 5*t = 511. Let l be (496/(-12))/((-10)/(-15)). Let g = n + l. Calculate the highest common factor of g and 18.
18
Let b = -50 - -54. Let l be 2 + b/(-12)*-6. What is the highest common divisor of 20 and l?
4
Suppose 0 = 5*r - h - 174, 53 = r - h + 19. Let l = 686 + -681. What is the highest common divisor of l and r?
5
Let k(n) = 34*n - 178. Let o(l) = 23*l - 119. Let d(r) = 5*k(r) - 7*o(r). Let q be d(12). Calculate the greatest common divisor of q and 51.
51
Let w = -36 + 58. Suppose -14 = -f + w. Calculate the highest common factor of f and 24.
12
Let p(d) = -47*d. Let z be p(-3). Suppose -42 = -x + 3*y - 7, -3*y = 3*x - z. Calculate the greatest common factor of 11 and x.
11
Suppose -23*o - 5*l + 25 = -18*o, -4*o + 35 = l. What is the greatest common factor of o and 13?
1
Let w be (-1648)/(-96)*6 + -6 + -1. What is the highest common divisor of w and 120?
24
Let j = 8 - 0. Suppose -7*q = -383 - 121. What is the highest common factor of q and j?
8
Let g(u) = 12*u**2 - 2*u**2 + 11*u + 0*u**2 + 22 - 3*u**2. Let s be g(-4). What is the greatest common factor of 20 and s?
10
Suppose -240 = -7*f - 72. Suppose 6*i - 7*i + f = 0. Calculate the greatest common factor of 3 and i.
3
Let o(k) = k**3 - 22*k**2 - 48*k + 377. Let p be o(24). What is the greatest common factor of 65 and p?
13
Suppose 5789 = 5*i + 5769. What is the highest common factor of 972 and i?
4
Let c(x) = x**3 - 6*x**2 + 10*x - 14. Let f be c(7). What is the greatest common factor of f and 63?
21
Suppose 0 = 22*k - 29*k + 539. What is the greatest common divisor of 2079 and k?
77
Suppose -8*b - 4*j + 180 = -4*b, -5*b + 228 = 2*j. What is the highest common factor of b and 4?
2
Suppose 4*o = 3*u + 4, o + 0*o - 4*u - 14 = 0. Let y = 12 + o. Suppose 0 = -z + 115 - 35. Calculate the highest common divisor of z and y.
10
Suppose 3*z = -0*z + 6. Suppose y - 33 = 2*v, 4*y = z*v + 190 - 70. What is the highest common factor of 29 and y?
29
Let q be (-96)/(-28)*(-1 - -8). What is the greatest common divisor of 320 and q?
8
Let c be (60/(-14))/(1/(-14)). Let l(b) = -7*b + 3. Suppose 3*h = 5*j + 8, 4 = -2*j + 3*h - 1. Let z be l(j). What is the highest common factor of c and z?
10
Let x be 240/(-4 - 1)*(-3)/2. What is the greatest common factor of x and 54?
18
Suppose 1891 = -188*c + 24117 + 4094. Suppose -t = -0*t - 35. What is the greatest common factor of c and t?
35
Let r(g) = g**3 - 30*g**2 + 79*g + 60. Let f be r(27). What is the highest common factor of 9 and f?
3
Suppose -7*i + 12*i = 0. Let d be 38 + (1 - i - 3). Let o(r) = 2*r**2 + r - 3. Let q be o(-3). Calculate the highest common divisor of q and d.
12
Let l(t) = -t**2 - 21*t - 72. Let s be l(-14). Let v be (-70)/(-22) - 10/55. Suppose -2*q + 49 + v = 0. What is the greatest common divisor of q and s?
26
Let d(b) = -b**3 + 10*b**2 - 11*b + 9. Let x be d(7). Suppose g = 61 + x. Calculate the greatest common factor of g and 20.
20
Let t = -114 + 67. Let i be (t + 67)*((-5)/(-2) - 1). What is the greatest common factor of 210 and i?
30
Suppose 2*r - 546 = 266. What is the highest common factor of r and 14?
14
Suppose -5338 + 1338 = -25*r. What is the greatest common divisor of r and 96?
32
Let u = 539 + -331. Calculate the greatest common factor of 13 and u.
13
Let p(u) = u**3 + 9*u**2 + 41. Let b be p(-9). What is the greatest common factor of b and 451?
41
Let b(d) = -d**2 + 13 + 69 + 8. Let q be b(0). Let c = q + -13. What is the greatest common divisor of c and 11?
11
Suppose 7*v + 8 = -k + 4*v, -2*v - 6 = 0. Let n be (-5)/(k + 28/(-26)). What is the highest common divisor of 13 and n?
13
Suppose 0 = a - 5*n - 590 - 1545, 5*n + 6455 = 3*a. What is the greatest common divisor of a and 6?
6
Suppose 6*a + 10490 = 5*c + 4*a, 4*a = -c + 2120. Calculate the highest common divisor of c and 10.
10
Let h = -15 + 19. Let z(w) = w**2 - w + 4. Let f be z(h). Calculate the greatest common factor of 144 and f.
16
Let r be (-7890)/(-45) + ((-8)/6 - -2). What is the greatest common divisor of 64 and r?
16
Let p be (6/4)/(-1) + (-183)/(-2). What is the highest common divisor of p and 60?
30
Let u = -64 - -225. What is the highest common factor of u and 7?
7
Let t(z) = -z**3 - 10*z**2 - 8*z + 14. Let p(v) = -3*v**2 - v + 1. Let s be p(-2). Let g be t(s). What is the highest common divisor of 15 and g?
5
Let j(m) = m**3 + 45*m**2 - 61*m - 424. Let r be j(-46). What is the greatest common divisor of 28 and r?
14
Let r(b) = -b**3 + 72*b**2 + 99*b - 1873. Let i be r(73). Let l be 2/(-3) + 34/6. Calculate the greatest common factor of l and i.
5
Suppose 0 = -14*j + 12*j - f + 1404, 2*j - 4*f = 1424. Calculate the greatest common factor of 33 and j.
11
Let p be (-10)/(-2) + -1 - (-99 - -59). What is the highest common divisor of p and 44?
44
Let v(z) = z + 17. Suppose 16 = 4*t, 2*t - 99 = -5*b + t. Let y = 14 - b. Let o be v(y). What is the greatest common factor of o and 12?
12
Let d = 778 + -607. What is the greatest common factor of 36 and d?
9
Let h = 133 + -132. Suppose 20 = 3*n + n. Let r be 1*n/((-5)/(-4)). What is the highest common divisor of h and r?
1
Let d = -25 + 88. Let k(h) = -h**3 - 4*h**2 + 9*h - 1. Let o be k(-6). Suppose -o - d = -u. What is the highest common divisor of u and 10?
10
Suppose -53*g + 64*g - 3960 = 0. Calculate the greatest common factor of g and 144.
72
Let q = -28 - -39. Suppose 4*u + 5 + 3 = 0. Let x be (-9)/(-15) - u/5. What is the greatest common factor of q and x?
1
Suppose 0 = -k + 2*a, k + 2*a = 6*a - 2. Let h be 2*6*10/k. Let l be (-2)/(-8) - (-94)/8. Calculate the highest common divisor of h and l.
12
Suppose 55*i + 5*i = 25500. What is the highest common divisor of i and 17?
17
Suppose 189 = 4*m + 3*r, 10 = m + r - 36. Let k(a) = 2*a**2 - 8*a - 7. Let v be k(6). What is the greatest common divisor of m and v?
17
Let g = -565 - -1775. Calculate the highest common factor of 220 and g.
110
Let i = -20 + 22. Suppose 0 = -f + i + 48. Suppose 5*d - 4*s = -3*s + 282, 0 = -d - 3*s + f. What is the greatest common